{"id":2675,"date":"2026-04-21T23:56:06","date_gmt":"2026-04-21T23:56:06","guid":{"rendered":"https:\/\/hotelcasaisabella.com\/?page_id=2675"},"modified":"2026-04-22T00:31:58","modified_gmt":"2026-04-22T00:31:58","slug":"casa-isabella-contacto","status":"publish","type":"page","link":"https:\/\/hotelcasaisabella.com\/index.php\/casa-isabella-contacto\/","title":{"rendered":"Contacta a Casa Isabella Cozumel"},"content":{"rendered":"\n<div class=\"wp-block-group alignfull has-global-padding is-layout-constrained wp-container-core-group-is-layout-490fa1db wp-block-group-is-layout-constrained\" style=\"padding-top:var(--wp--preset--spacing--50);padding-right:var(--wp--preset--spacing--50);padding-bottom:var(--wp--preset--spacing--50);padding-left:var(--wp--preset--spacing--50)\">\n<div class=\"wp-block-group has-global-padding is-layout-constrained wp-container-core-group-is-layout-650790e1 wp-block-group-is-layout-constrained\">\n<h1 class=\"wp-block-heading has-text-align-center has-x-large-font-size\">Contact\u00e9nos<\/h1>\n\n\n\n<div style=\"height:1.25rem\" aria-hidden=\"true\" class=\"wp-block-spacer\"><\/div>\n\n\n\n<figure class=\"wp-block-image aligncenter size-full is-resized\"><img fetchpriority=\"high\" decoding=\"async\" width=\"511\" height=\"205\" src=\"http:\/\/hotelcasaisabella.com\/wp-content\/uploads\/2021\/03\/cropped-cropped-isabella-wines-2-1.png\" alt=\"\" class=\"wp-image-1400\" style=\"aspect-ratio:2.4932173913043476;width:137px;height:auto\" srcset=\"https:\/\/hotelcasaisabella.com\/wp-content\/uploads\/2021\/03\/cropped-cropped-isabella-wines-2-1.png 511w, https:\/\/hotelcasaisabella.com\/wp-content\/uploads\/2021\/03\/cropped-cropped-isabella-wines-2-1-300x120.png 300w, https:\/\/hotelcasaisabella.com\/wp-content\/uploads\/2021\/03\/cropped-cropped-isabella-wines-2-1-150x60.png 150w\" sizes=\"(max-width: 511px) 100vw, 511px\" \/><\/figure>\n\n\n\n<div style=\"height:1.25rem\" aria-hidden=\"true\" class=\"wp-block-spacer\"><\/div>\n\n\n\n<p class=\"has-text-align-center\">Cozumel<\/p>\n\n\n\n<p class=\"has-text-align-center\">Casa Isabella Cozumel, M\u00e9xico<\/p>\n\n\n\n<p class=\"has-text-align-center\">Adolfo Rosado Salas #164, Colonia Centro, Cozumel, Quintana Roo, M\u00e9xico.<\/p>\n\n\n\n<p class=\"has-text-align-center\">Mail: contacto@hotelcasaisabella.com<\/p>\n\n\n\n<p class=\"has-text-align-center\">Tel\u00e9fono: (+52) 55 7435 3949<\/p>\n\n\n\n<div style=\"height:1.25rem\" aria-hidden=\"true\" class=\"wp-block-spacer\"><\/div>\n\n\n\n<div style=\"height:1.25rem\" aria-hidden=\"true\" class=\"wp-block-spacer\"><\/div>\n\n\n\n<div class=\"wp-block-buttons is-content-justification-center is-layout-flex wp-container-core-buttons-is-layout-a89b3969 wp-block-buttons-is-layout-flex\">\n<div class=\"wp-block-button\"><a class=\"wp-block-button__link wp-element-button\" href=\"http:\/\/wa.me\/525574353949\">Reservar v\u00eda Whatsapp<\/a><\/div>\n<\/div>\n<\/div>\n\n\n\n<div style=\"height:36px\" aria-hidden=\"true\" class=\"wp-block-spacer\"><\/div>\n\n\n\n<h2 class=\"wp-block-heading has-text-align-center\">Contacto<\/h2>\n\n\n<div class=\"wpforms-container wpforms-container-full wpforms-block wpforms-block-5bfc0887-0a4f-4d9c-b748-c370a403789d\" id=\"wpforms-135\"><form id=\"wpforms-form-135\" class=\"wpforms-validate wpforms-form\" data-formid=\"135\" method=\"post\" enctype=\"multipart\/form-data\" action=\"\/index.php\/wp-json\/wp\/v2\/pages\/2675\" data-token=\"926671fa184fb3392e223fd8b628974f\" data-token-time=\"1776867540\"><noscript class=\"wpforms-error-noscript\">Por favor, activa JavaScript en tu navegador para completar este formulario.<\/noscript><div class=\"wpforms-field-container\"><div id=\"wpforms-135-field_0-container\" class=\"wpforms-field wpforms-field-name\" data-field-id=\"0\"><label class=\"wpforms-field-label\">Nombre <span class=\"wpforms-required-label\">*<\/span><\/label><div class=\"wpforms-field-row wpforms-field-medium\"><div class=\"wpforms-field-row-block wpforms-first wpforms-one-half\"><input type=\"text\" id=\"wpforms-135-field_0\" class=\"wpforms-field-name-first wpforms-field-required\" name=\"wpforms[fields][0][first]\" required><label for=\"wpforms-135-field_0\" class=\"wpforms-field-sublabel after\">Nombre<\/label><\/div><div class=\"wpforms-field-row-block wpforms-one-half\"><input type=\"text\" id=\"wpforms-135-field_0-last\" class=\"wpforms-field-name-last wpforms-field-required\" name=\"wpforms[fields][0][last]\" required><label for=\"wpforms-135-field_0-last\" class=\"wpforms-field-sublabel after\">Apellidos<\/label><\/div><\/div><\/div><div id=\"wpforms-135-field_3-container\" class=\"wpforms-field wpforms-field-number\" data-field-id=\"3\"><label class=\"wpforms-field-label\" for=\"wpforms-135-field_3\">Tel\u00e9fono<\/label><input type=\"number\" id=\"wpforms-135-field_3\" class=\"wpforms-field-medium\" name=\"wpforms[fields][3]\" step=\"any\" ><\/div><div id=\"wpforms-135-field_1-container\" class=\"wpforms-field wpforms-field-email\" data-field-id=\"1\"><label class=\"wpforms-field-label\" for=\"wpforms-135-field_1\">Correo electr\u00f3nico <span class=\"wpforms-required-label\">*<\/span><\/label><input type=\"email\" id=\"wpforms-135-field_1\" class=\"wpforms-field-medium wpforms-field-required\" name=\"wpforms[fields][1]\" spellcheck=\"false\" required><\/div><div id=\"wpforms-135-field_4-container\" class=\"wpforms-field wpforms-field-radio\" data-field-id=\"4\"><label class=\"wpforms-field-label\">Selecciona el asunto <span class=\"wpforms-required-label\">*<\/span><\/label><ul id=\"wpforms-135-field_4\" class=\"wpforms-field-required\"><li class=\"choice-1 depth-1\"><input type=\"radio\" id=\"wpforms-135-field_4_1\" name=\"wpforms[fields][4]\" value=\"Quiero hacer una reserva\" required ><label class=\"wpforms-field-label-inline\" for=\"wpforms-135-field_4_1\">Quiero hacer una reserva<\/label><\/li><li class=\"choice-2 depth-1\"><input type=\"radio\" id=\"wpforms-135-field_4_2\" name=\"wpforms[fields][4]\" value=\"Quiero hacer una consulta general\" required ><label class=\"wpforms-field-label-inline\" for=\"wpforms-135-field_4_2\">Quiero hacer una consulta general<\/label><\/li><li class=\"choice-3 depth-1\"><input type=\"radio\" id=\"wpforms-135-field_4_3\" name=\"wpforms[fields][4]\" value=\"Informaci\u00f3n sobre paquetes y promociones\" required ><label class=\"wpforms-field-label-inline\" for=\"wpforms-135-field_4_3\">Informaci\u00f3n sobre paquetes y promociones<\/label><\/li><\/ul><\/div><div id=\"wpforms-135-field_2-container\" class=\"wpforms-field wpforms-field-textarea\" data-field-id=\"2\"><label class=\"wpforms-field-label\" for=\"wpforms-135-field_2\">Escribe tu mensaje aqu\u00ed <span class=\"wpforms-required-label\">*<\/span><\/label><textarea id=\"wpforms-135-field_2\" class=\"wpforms-field-medium wpforms-field-required\" name=\"wpforms[fields][2]\" required><\/textarea><\/div><\/div><!-- .wpforms-field-container --><div class=\"wpforms-submit-container\" ><input type=\"hidden\" name=\"wpforms[id]\" value=\"135\"><input type=\"hidden\" name=\"page_title\" value=\"\"><input type=\"hidden\" name=\"page_url\" value=\"https:\/\/hotelcasaisabella.com\/index.php\/wp-json\/wp\/v2\/pages\/2675\"><input type=\"hidden\" name=\"url_referer\" value=\"\"><button type=\"submit\" name=\"wpforms[submit]\" id=\"wpforms-submit-135\" class=\"wpforms-submit\" data-alt-text=\"Enviando...\" data-submit-text=\"Enviar\" aria-live=\"assertive\" value=\"wpforms-submit\">Enviar<\/button><\/div><\/form><\/div>  <!-- .wpforms-container -->\n\n\n<div style=\"height:var(--wp--preset--spacing--30)\" aria-hidden=\"true\" class=\"wp-block-spacer\"><\/div>\n<\/div>\n\n\n\n<p><\/p>\n","protected":false},"excerpt":{"rendered":"<p>Contact\u00e9nos Cozumel Casa Isabella Cozumel, M\u00e9xico Adolfo Rosado Salas #164, Colonia Centro, Cozumel, Quintana Roo, M\u00e9xico. Mail: contacto@hotelcasaisabella.com Tel\u00e9fono: (+52) 55 7435 3949 Contacto<\/p>\n","protected":false},"author":1,"featured_media":0,"parent":0,"menu_order":0,"comment_status":"closed","ping_status":"closed","template":"","meta":{"footnotes":""},"class_list":["post-2675","page","type-page","status-publish","hentry"],"jetpack_sharing_enabled":true,"_links":{"self":[{"href":"https:\/\/hotelcasaisabella.com\/index.php\/wp-json\/wp\/v2\/pages\/2675","targetHints":{"allow":["GET"]}}],"collection":[{"href":"https:\/\/hotelcasaisabella.com\/index.php\/wp-json\/wp\/v2\/pages"}],"about":[{"href":"https:\/\/hotelcasaisabella.com\/index.php\/wp-json\/wp\/v2\/types\/page"}],"author":[{"embeddable":true,"href":"https:\/\/hotelcasaisabella.com\/index.php\/wp-json\/wp\/v2\/users\/1"}],"replies":[{"embeddable":true,"href":"https:\/\/hotelcasaisabella.com\/index.php\/wp-json\/wp\/v2\/comments?post=2675"}],"version-history":[{"count":5,"href":"https:\/\/hotelcasaisabella.com\/index.php\/wp-json\/wp\/v2\/pages\/2675\/revisions"}],"predecessor-version":[{"id":2690,"href":"https:\/\/hotelcasaisabella.com\/index.php\/wp-json\/wp\/v2\/pages\/2675\/revisions\/2690"}],"wp:attachment":[{"href":"https:\/\/hotelcasaisabella.com\/index.php\/wp-json\/wp\/v2\/media?parent=2675"}],"curies":[{"name":"wp","href":"https:\/\/api.w.org\/{rel}","templated":true}]}}